at is the greatest common factor of 7 and w?
7
Suppose 6*l - 2*l = 368. What is the greatest common factor of 4 and l?
4
Suppose 4*c + 3*t = t + 38, 0 = 5*c - t - 37. Calculate the highest common factor of c and 56.
8
Let o(k) = -4*k + 4. Let n be o(-4). Let p = -10 + n. Calculate the greatest common divisor of p and 50.
10
Let c(l) = -l**2. Let n be c(-4). Let p = -22 - n. Let s be ((-8)/(-3))/((-4)/p). Calculate the highest common divisor of 4 and s.
4
Let v = -167 + 261. Calculate the highest common factor of v and 235.
47
Suppose y = -4*q + 116, 2*y - 114 = -3*q + 98. What is the greatest common factor of 25 and y?
25
Let k be 58 - 2/(-4 - -2). Suppose -4*v = -383 + k. Calculate the greatest common factor of 54 and v.
27
Let d(k) = -k**2 - 5*k. Let b be d(-5). Let n(u) = u + 7. Let g be n(b). Let y be 8/28 - (-89)/g. What is the highest common divisor of 104 and y?
13
Let r = -54 - -84. What is the greatest common factor of r and 75?
15
Let s = -16 + 10. Let d(k) = 3*k**2 + 7*k - 2. Let p be d(s). Calculate the greatest common factor of 8 and p.
8
Let t be (-342)/15*(-4 - (-4)/6). Calculate the highest common factor of 4 and t.
4
Let h(m) = m**3 - m**2 + m. Let u(y) = 6*y**3 - 3*y**2 + 8*y + 2. Let x(j) = 4*h(j) - u(j). Let w be x(-3). What is the greatest common factor of w and 5?
5
Let b(v) = -v**2 + 13*v + 51. Let w be b(15). What is the highest common divisor of w and 7?
7
Let g(i) = 3*i**2 - 8*i + 10. Let c(v) = v**2 + 1. Let t(w) = 4*c(w) - g(w). Let l be t(7). What is the highest common divisor of l and 11?
11
Let x = 620 - 430. Calculate the highest common divisor of x and 38.
38
Suppose -3*r + 10 = 2*r + 4*b, 2*b = 4*r - 8. Calculate the highest common factor of 4 and r.
2
Let n = 53 + -33. Suppose 3*v - 3*g + 9 = 0, 6*v + 4*g - n = 2*v. Calculate the greatest common divisor of 4 and v.
1
Let z be ((-12)/18)/((-1)/9). Calculate the greatest common factor of 9 and z.
3
Suppose x = -0 - 4. Let a be (90/x)/(6/(-12)). Calculate the highest common divisor of 30 and a.
15
Suppose z - c = -20, 5*z + 5*c = -0*z - 60. Let a be 4/z - 1/(-4). Suppose 4*o = -a*o + 304. What is the highest common factor of 19 and o?
19
Suppose 4*i + 3*d - 120 = 0, 4*d - 19 + 68 = i. What is the greatest common divisor of 22 and i?
11
Let z(f) = -f**3 + 3*f**2 + 5*f - 3. Let q be z(3). Let j be -32*(-1 - (4 - 2)). Calculate the greatest common divisor of j and q.
12
Let i = 66 + -61. Calculate the highest common divisor of 25 and i.
5
Suppose -7 = 4*o + 13. Let k be 0 - -1 - (-5 + o). Suppose 0 = 4*m - 3*l - 201 - 163, 188 = 2*m - 3*l. What is the highest common factor of m and k?
11
Suppose 6*z - 4*z - 14 = -2*l, 5*z - 10 = 0. Calculate the greatest common factor of 2 and l.
1
Let y be (1*-1)/(3/(-6)). Let s be 2 - (2 + (y - 2)). Suppose s = -2*w - w + 48. Calculate the greatest common divisor of w and 2.
2
Let k(n) = -4*n + 5*n + 0*n + n**3 + 2 + 5*n**2 + n. Let y be k(-4). Calculate the highest common factor of 80 and y.
10
Let d be 24/(-28)*(-14)/3. Let a(x) = x**2 - x - 3. Let z be a(d). What is the greatest common divisor of 72 and z?
9
Suppose 3*j + 4*m - 39 = -7, 5*j - 2*m = 10. Suppose 41 = j*s - 87. Calculate the greatest common divisor of 4 and s.
4
Let h(t) = t - 7. Let d be h(17). What is the highest common factor of d and 2?
2
Suppose 4*v = v + 5*w + 212, 144 = 2*v - 2*w. What is the greatest common divisor of 185 and v?
37
Suppose 3 = -2*f + 17. What is the highest common factor of 7 and f?
7
Let v be (1 - (2 - -12))*-1. What is the greatest common divisor of v and 91?
13
Let a be ((-3)/2)/(36/(-120)). Calculate the greatest common divisor of a and 5.
5
Let c = -3 + 8. Suppose -y + 2*y + 12 = 3*z, 3*y - 4 = z. What is the greatest common divisor of c and z?
5
Suppose -19*l = -14*l - 5. What is the highest common divisor of 11 and l?
1
Let y(m) = 4*m - 15. Let p be y(11). What is the greatest common divisor of p and 29?
29
Let g = -43 - -58. Suppose 4*k - 2*t + 0*t = 10, -15 = 2*k + 3*t. Suppose q - 2*q + 60 = k. Calculate the highest common factor of g and q.
15
Let u = -91 - -211. What is the greatest common divisor of u and 15?
15
Let h be (-5 - 0 - -5) + 3. Let r = 8 - 5. What is the highest common divisor of r and h?
3
Suppose 3*i - i + 28 = 0. Let c be 2/(-7) - 270/i. Calculate the highest common factor of 209 and c.
19
Let r(a) = -a**3 - a**2 + a + 10. Let j be r(-5). Calculate the highest common divisor of 42 and j.
21
Suppose 4 + 4 = -4*i. Let b = i + 4. Calculate the greatest common factor of b and 4.
2
Let r = 116 - 101. Calculate the highest common divisor of r and 5.
5
Let o be 21/7 - (1 - 187)/1. What is the highest common factor of 21 and o?
21
Suppose -2 = 5*n - 7, -2*w = -n - 3. What is the highest common divisor of w and 2?
2
Let w = 53 + -29. Let k = 565 - 301. Calculate the highest common factor of k and w.
24
Suppose -4*m = 10*m - 98. Suppose 0 = -a - 5*w + 23, 4*a - 3*w = 3*a + 31. Calculate the greatest common factor of a and m.
7
Suppose -5*b = 4*b - 261. Calculate the greatest common factor of 232 and b.
29
Suppose -4 = -2*i + 18. Let t be 1*2/(-4)*-198. Calculate the greatest common divisor of t and i.
11
Let z be -4*(-2 - (-63)/12). Let r = z + 27. Calculate the greatest common divisor of 112 and r.
14
Let s(t) = t**2 - 6*t + 5. Let d be s(7). Suppose -m + d = -6. Calculate the greatest common divisor of m and 18.
18
Let o(f) = f**2 - 7*f - 40. Let m be o(-4). What is the greatest common divisor of 32 and m?
4
Suppose -4*x + 231 + 473 = 0. Let j = -6 + 22. Calculate the greatest common factor of j and x.
16
Let t(y) = -20*y. Let s be t(-10). Suppose 3*c + 15 = 0, 4*c + 55 = 2*o + 3*c. What is the highest common factor of o and s?
25
Suppose 0 = z - 2*x - 17, x - 34 = -2*z - 0*x. Calculate the greatest common divisor of z and 17.
17
Let w(f) = 2*f + 4. Let a be w(4). Calculate the highest common factor of 156 and a.
12
Let y(c) = 3*c - 4. Let h be y(6). What is the greatest common divisor of h and 154?
14
Suppose -5*r = -81 + 21. Suppose -71 + 23 = -4*q. What is the greatest common factor of r and q?
12
Let a be 756/35 - (-6)/(-10). What is the greatest common divisor of a and 105?
21
Suppose 0 = -p - 3*m + m + 33, 2*m + 153 = 5*p. What is the greatest common divisor of 31 and p?
31
Let n be (-3)/(-9)*3*0. Suppose n = -5*w - 4*c - c + 150, -120 = -5*w + c. What is the greatest common divisor of 25 and w?
25
Suppose -2*s - 80 = -6*s. Let w = 232 - 222. Calculate the greatest common factor of s and w.
10
Suppose -4*s - 2*b = -198, -201 = -4*s - 0*b + b. Calculate the greatest common factor of 20 and s.
10
Let n = -21 - -31. Let v(j) = j**2 + 13*j - 12. Let m be v(-14). What is the greatest common divisor of n and m?
2
Suppose w + 676 = 5*w. Let b be ((-158)/6)/((-2)/(-6)). Let n = b + w. What is the highest common divisor of 18 and n?
18
Suppose 26 - 2 = -3*v. Let u(q) = -q**2 - 10*q + 4. Let r be u(v). Let z be (-11 + 1)/(-1 - 0). Calculate the greatest common factor of r and z.
10
Let z be (8 + 2)/(1 - -1). Let k be 4*(79/4 - 1). Suppose -4*t + t = -k. Calculate the highest common factor of z and t.
5
Let s = 1 + 2. Suppose -s*z = z - 16. Calculate the highest common divisor of z and 2.
2
Let s be 8/5*(-10)/(-4). Let h(b) = 6*b + b**2 - 5 - 2 + 2. Let u be h(s). What is the highest common divisor of u and 7?
7
Suppose 0 = -4*y + 3*w + 49, -3 = -2*y + 5*w + 4. What is the highest common factor of y and 40?
8
Let t = -9 - -21. Suppose 22 = 5*g + 7. What is the greatest common factor of g and t?
3
Let v(h) = -h**3 + 3*h**2 + 3*h - 3. Suppose 0 = -z - z + 3*t + 6, 4*t + 15 = 5*z. Let y be v(z). Calculate the greatest common divisor of y and 42.
6
Let v = 652 + -344. What is the highest common factor of v and 44?
44
Let b be 24/14 + (-16)/(-56). Calculate the greatest common divisor of b and 30.
2
Suppose -5*h = 5 - 20. Suppose 5*j = h*s - 267, 0*s + j + 171 = 2*s. What is the greatest common factor of 12 and s?
12
Let i = -138 + 243. Calculate the greatest common factor of i and 21.
21
Let t(v) = v**2 - 10*v. Let i be t(10). Suppose 2*g - 4*c - 182 = 0, 0 = -i*g + g - 3*c - 87. Calculate the highest common factor of g and 11.
11
Let x(d) = 129*d + 1. Let t be x(1). What is the highest common divisor of t and 26?
26
Suppo